-8101 - u. Is l a composite number?
True
Suppose 0 = -3*x - 4*z + 22, -2*x + 5*x - 4*z + 10 = 0. Suppose 0 = 4*u - 5*u + x. Suppose -u*n + 3009 + 2861 = 0. Is n a prime number?
False
Is (131517/(-6) + -10)/((-3)/6) a composite number?
True
Let n(x) = -355*x - 139. Suppose -4*y - 786 = -678. Is n(y) prime?
False
Let p = 54 - -59. Let r = p + 560. Is r composite?
False
Is -9*(-143)/1053*276201 a composite number?
True
Let v be (-1 - -3)/(3 + (-881)/293). Let q = -109 - v. Let g = 1177 + q. Is g prime?
True
Suppose 0*f + 4*f + 5*b = 24, 0 = 2*b - 8. Let w be f/3 - 535/(-15). Suppose 0 = -38*h + w*h + 2326. Is h a prime number?
True
Let d = -53 + 63. Suppose -d*i + 15*i - 110 = 0. Suppose -13*f - 19143 = -i*f. Is f composite?
True
Suppose -j = 2*z - 2558, 0*z + 4*z - 5128 = 4*j. Suppose 2*x + 2*g = 3*g - z, -1930 = 3*x + g. Let f = -349 - x. Is f a composite number?
False
Suppose 638*a + 117639 = 4*u + 633*a, 2*a = 5*u - 147053. Is u a prime number?
True
Let u(h) = h**3 - h**2 - h - 15. Let o be 1 - (-1)/1 - 2. Let i be u(o). Is (-2379)/i - (-10)/25 a prime number?
False
Let p(v) = -965*v + 5058. Is p(-107) composite?
True
Suppose -5*d = -4487 - 23683. Suppose -15*j + 23961 + d = 0. Is j a prime number?
True
Let r = 2441 - 1723. Let x = r + -1311. Let o = x + 1470. Is o a prime number?
True
Let j(n) = 2*n + 44. Let v be j(6). Suppose 60*h = v*h + 708. Is h prime?
False
Let l = 283 - 278. Suppose 0 = 2*a - v - 7816, -l*v = -0*a + a - 3897. Is a prime?
True
Let d be -9 - -3 - (-8 - 1). Suppose -d*o - 2*o = x - 3142, 4*x = 4*o - 2528. Is o a prime number?
False
Suppose -8*c + 8372045 = 3*d - 4*c, -c - 1 = 0. Is d a composite number?
True
Let c be 1/3 + 2361/(-9). Let m be (c/(-3))/((-3)/(-27)). Suppose 4*x - 1578 = 5*b, -m = -2*x + 2*b + 2*b. Is x a prime number?
True
Let o(l) be the second derivative of -41*l**3/6 - 80*l**2 - 282*l. Is o(-21) composite?
False
Let j = -18 + 14. Is (-3589)/(4 + -1 + j) a composite number?
True
Let k = 269 + -268. Is 4381 + (k - 30/(-6)) a composite number?
True
Let v be 70/(-28)*32/(-1). Is ((-4017480)/v)/((-1)/(-2) - 2) a composite number?
False
Suppose -14*t - t - 1710 = 0. Let r = t + 317. Is r prime?
False
Suppose 7*b + 5 + 23 = 0. Let p = b + 7. Suppose -h = 2*v - 253, 2*v = 5*v - p. Is h a prime number?
True
Suppose -3*c - l = -18, 0*l + 3*l = -9. Suppose 0 = -3*b - 4*w + 2 + 8, -c = -b - 5*w. Let k(v) = 75*v - 7. Is k(b) a prime number?
False
Let i(j) be the first derivative of 191*j**2 - 31*j + 217. Is i(3) composite?
True
Let h(o) = 266*o + 8. Suppose r + 5 = 0, -1 = -3*a - r + 6*r. Let x be h(a). Is 17/119 + (x/(-7) - -2) a composite number?
True
Let x(c) = -7688*c**3 - 127 + 41*c**2 + 2*c + 7687*c**3 + 2*c. Is x(32) prime?
False
Suppose 5*m - 4*b - 32 = 0, -4*b + 3*b = -4*m + 30. Suppose m*j = 3*j + 15. Suppose y + 2301 = 5*s - j*s, -y - 1150 = -s. Is s a composite number?
False
Let l(o) = 13*o**3 + 50*o**2 - 53*o + 182. Let u(d) = 3*d**3 + 12*d**2 - 13*d + 45. Let t(m) = -2*l(m) + 9*u(m). Is t(12) a prime number?
True
Let j be (-11)/(-77) + (-137421)/(-21) + -2. Suppose j = -14*m + 16*m - g, 3*g = -4*m + 13084. Is m composite?
False
Is 7289529/15 + (-102)/(-255) a composite number?
True
Suppose -218 = 11*y - 53. Suppose 23 + 19 = 3*k. Is 5/(y/9) - k*-4 prime?
True
Let k = -35 - -18. Let x = k - -7. Let i(m) = -m**3 + 10*m + 7. Is i(x) a composite number?
False
Suppose 0 = -2*z - 2*w + 6, 2*z + 5*w + 3 = 6*z. Suppose -3*t - 6 = 2*d, -z*d + 0*d - 5*t - 10 = 0. Suppose -3*k - 2*k + 4855 = d. Is k composite?
False
Let c(i) = -65*i**3 + 4*i**2 + 2*i + 10. Let h be c(-3). Let k = h + -578. Is k prime?
True
Let t be (13710/20)/(2*2/(-24)). Let m = -2164 - t. Is m prime?
True
Is (361171 - -1) + (67 - 80) composite?
False
Let b be (-9392)/(-18) + 14/63. Let u be b + (-3)/(12/(-4)). Suppose -5*l - 58 = -u. Is l composite?
True
Let b be -3 + 2 + -2 - 78/(-13). Suppose -5*o + 148 = 4*s, 76 = b*s - 8*o + 3*o. Suppose -s*g + 24175 = -27*g. Is g a prime number?
False
Let b = -306 + 305. Is (51575/(-7 - -12))/(b + 2) a prime number?
False
Let k = -14 - -9. Let b(l) = l**2 + 3*l - 14. Let c be b(k). Let v(a) = 87*a**2 + 4*a + 5. Is v(c) prime?
True
Suppose -5*x - 5*k + 0*k + 14585 = 0, k = 5*x - 14573. Let a = x + -1161. Is a a prime number?
False
Is (-234)/18 - 363792/(-1) a prime number?
False
Suppose 248099 - 47541 = 2*q. Is q a prime number?
True
Suppose -2*z - 5*o - 13841 = -4*z, -2*z + 2*o = -13826. Suppose h - 4232 = -5*m + 7277, -3*m + 2*h + z = 0. Is m composite?
True
Let a(r) = 4*r**2 + 58. Let n(p) = 3*p**2 + 97*p - 58. Let k be n(-33). Is a(k) composite?
True
Suppose -39955 = -28*c + 30633. Let m = c + -1734. Is m prime?
True
Let r = -67 + 67. Suppose -d = -5*c - 2708, -d + 4*d - 3*c - 8112 = r. Suppose h = -3*j - 2*h + d, -5*h = -5*j + 4485. Is j composite?
True
Suppose -673*p - 19270 = -678*p. Let h = 5413 - p. Is h a prime number?
True
Let u be (-6)/(-51) - 68752/34. Is (-2)/1 - u*(-6)/(-12) a prime number?
True
Let y be (-60 - -62)*(3 - -1). Suppose y*z - 60112 = -25320. Is z prime?
True
Suppose 0 = -2*m - r - 7 + 13, 18 = 2*m - 2*r. Is (-58768)/(-20) - m/((-100)/12) a composite number?
False
Let d(x) = 11*x + 52. Let n be d(-4). Let i = -106 - -192. Is i/3*444/n composite?
True
Let t = 950 + 82199. Is t composite?
True
Let n = -66 + 114. Let q = -24 + n. Suppose -q*o = -10*o - 1358. Is o a prime number?
True
Let l = 10 - 7. Suppose 0*g + 2*g = l*z, -z + 2 = 0. Suppose 3*d + g*a + 0*a = 1764, -4*d + 5*a + 2343 = 0. Is d prime?
True
Let j(c) = -17*c + 29. Let t be j(0). Suppose -t*i + 24235 = -2416. Is i composite?
False
Let o(a) = a + 7. Let p be o(-2). Suppose p*i = 10*i - 60. Suppose h + 2*t - 1949 = -2*t, i = -4*t. Is h composite?
True
Let p(b) = -4960*b + 2099. Is p(-33) composite?
False
Suppose -3*m - 11 = 2*z, -5*m + 10*m + 19 = -4*z. Let w(k) = -151*k + 2. Let j(v) = 151*v - 1. Let u(o) = -4*j(o) - 3*w(o). Is u(z) a prime number?
True
Suppose -58611 = -3*d + 80*a - 76*a, -5*a + 19556 = d. Is d prime?
True
Suppose m - 9*z = -12*z - 49, 2*m + 125 = 3*z. Is (99/9 + 35)*m/(-4) composite?
True
Suppose -4*v + 1326494 = 2*o, -2*v - 3*o - 86004 = -749261. Is v composite?
True
Suppose -38*z + 1091669 + 119505 = 0. Is z a composite number?
False
Suppose 4*a - 4*h = 34764, 23126 = 2*a + 2*h + 5716. Is a prime?
False
Suppose 2*p - 7 = 3*w, 4*p - 3*w + 3 - 20 = 0. Suppose -2*q - y = p, 4*q - q - 5*y = -14. Is (1/4)/(q - 423283/(-141092)) prime?
True
Suppose -j = -0*j - 133. Let z be (-3)/5*-3*104/(-117)*10. Let n = j - z. Is n a prime number?
True
Let w(n) = -n**2 + 25*n + 30. Let u be w(26). Suppose -u*q = -l - 13506, l = -q + 2*q - 3375. Is q a prime number?
False
Suppose 2*q - 11694 = -p + 31604, 0 = -2*q - 4*p + 43310. Is q a prime number?
True
Let z(d) = -8*d - 1. Let r = 22 - 21. Let n be z(r). Let f(g) = -3*g**3 - 14*g**2 - 11*g - 13. Is f(n) a prime number?
False
Suppose -4*q - 24*q + 382760 = 0. Suppose q = -2*d + 7*d. Is d composite?
True
Let z = -1179 - -3357. Suppose 5*q - 15493 = -17*s + 13*s, -3*q + 3*s + 9285 = 0. Let a = q - z. Is a composite?
False
Is (-16 + 13)/(18/(-92154)) a prime number?
True
Suppose 2*f + 84250 = 3*s - 43427, -170216 = -4*s - 4*f. Is s prime?
True
Suppose 9*z - 31 - 5 = 0. Is (-1*4463)/(z*6/(-24)) a prime number?
True
Let n = -2416494 + 4449123. Is n composite?
True
Let o(a) = -456*a + 197 + 29*a**2 + 478*a + 8*a**2. Is o(-18) prime?
True
Suppose 2929874 = 9*g + 25*g - 6617700. Is g a prime number?
True
Let p(g) = -22257*g + 26. Is p(-5) prime?
False
Let l = -215 + 219. Suppose -2*b - l*t + 6903 + 10091 = 0, -5*t = -5*b + 42440. Is b a prime number?
False
Suppose -5*a - 723 - 122 = 0. Let p = a + 282. Suppose 44*v - 45*v = -p. Is v composite?
False
Suppose -h - 18965 = -3*o, 15*o = 19*o - 3*h - 25280. Is o a composite number?
False
Is 125/1125 + (-3)/((-27)/6661502) a prime number?
False
Let t be 5 + (-2 - 2) + 6/2. Suppose -5*i = t*w, -w = 3*i - 3*w. Suppose -m + 2349 - 692 = i. Is m a composite number?
False
Let h be 110/10 - (4 + 2). Suppose -5*q = h*d - 6830, -30*d = -4*q - 33*d + 5459. Is q composite?
False
Let x(o) be the second derivative of 17*o**6/72 + 7*o**5/40 - 5*o**4/12 + 10*o. Let b(l) be the third derivative of x(l). Is b(5) a composite number?
True
Let j